{"id":2331,"date":"2017-06-20T14:54:15","date_gmt":"2017-06-20T14:54:15","guid":{"rendered":"https:\/\/famser-ipss.pt\/gps\/?page_id=2331"},"modified":"2017-10-17T12:07:24","modified_gmt":"2017-10-17T12:07:24","slug":"sobre-nos","status":"publish","type":"page","link":"https:\/\/artmagazine.pt\/index.php\/sobre-nos\/","title":{"rendered":"SOBRE N\u00d3S"},"content":{"rendered":"<p class=\"heading-desc\" align=\"justify\">Bem-vindos!!!<\/p>\n<p class=\"heading-desc\" align=\"justify\">O ART Magazine reflecte os compromissos, os desafios e as viv\u00eancias das comunidades da ART. Desenvolve-se em tr\u00eas eixos estruturantes: o que fazemos, o que divulgamos e o que criamos. O nosso Magazine \u00e9 um espa\u00e7o aberto de difus\u00e3o de informa\u00e7\u00f5es, not\u00edcias e<em>\u00a0sentimentos e visa o sucesso pessoal e terap\u00eautico dos nossos jovens.<\/em><\/p>\n<p><strong>Tem por objetivos espec\u00edficos<\/strong><\/p>\n<ul>\n<li>Incentivar o h\u00e1bito da leitura;<\/li>\n<li>Explorar quest\u00f5es culturais;<\/li>\n<li>Aprofundar conhecimentos sobre temas transversais;<\/li>\n<li>Estimular a descoberta, a pesquisa e o senso cr\u00edtico;<\/li>\n<li>Proporcionar ao jovem condi\u00e7\u00f5es para construir conhecimento frente a situa\u00e7\u00f5es espec\u00edficas;<\/li>\n<li>Utilizar instrumentos e informa\u00e7\u00f5es proporcionados pela tecnologia;<\/li>\n<li>Concretizar o trabalho terap\u00eautico, envolvendo progenitores, t\u00e9cnicos, monitores e utentes;<\/li>\n<li>Comprometer e envolver os diversos segmentos da comunidade local na cria\u00e7\u00e3o, elabora\u00e7\u00e3o e edi\u00e7\u00e3o do jornal;<\/li>\n<li>Dar ao jovem \u00a0a experi\u00eancia de montagem de uma magazine digital.<\/li>\n<\/ul>\n<p class=\"heading-desc\" align=\"justify\">Crescer de forma sustent\u00e1vel, mantendo o esp\u00edrito inovador, respeitando as pessoas e buscando o desenvolvimento, \u00e9 que se pretende.<\/p>\n<p>&nbsp;<\/p>\n<h3 style=\"text-align: center;\" align=\"justify\"><strong>ENVIE-NOS UMA MENSAGEM<\/strong><\/h3>\n<div id='contact-form-2331'>\n<form action='https:\/\/artmagazine.pt\/index.php\/sobre-nos\/#contact-form-2331' method='post' class='contact-form commentsblock'>\n\n<div class='grunion-field-wrap grunion-field-name-wrap'  >\n<label\n\t\t\t\tfor='g2331-nome'\n\t\t\t\tclass='grunion-field-label name'\n\t\t\t\t>Nome<span>(obrigat\u00f3rio)<\/span><\/label>\n<input\n\t\t\t\t\ttype='text'\n\t\t\t\t\tname='g2331-nome'\n\t\t\t\t\tid='g2331-nome'\n\t\t\t\t\tvalue=''\n\t\t\t\t\tclass='name' \n\t\t\t\t\trequired aria-required='true'\n\t\t\t\t\/>\n\t<\/div>\n\n<div class='grunion-field-wrap grunion-field-email-wrap'  >\n<label\n\t\t\t\tfor='g2331-email'\n\t\t\t\tclass='grunion-field-label email'\n\t\t\t\t>Email<span>(obrigat\u00f3rio)<\/span><\/label>\n<input\n\t\t\t\t\ttype='email'\n\t\t\t\t\tname='g2331-email'\n\t\t\t\t\tid='g2331-email'\n\t\t\t\t\tvalue=''\n\t\t\t\t\tclass='email' \n\t\t\t\t\trequired aria-required='true'\n\t\t\t\t\/>\n\t<\/div>\n\n<div class='grunion-field-wrap grunion-field-textarea-wrap'  >\n<label\n\t\t\t\tfor='contact-form-comment-g2331-mensagem'\n\t\t\t\tclass='grunion-field-label textarea'\n\t\t\t\t>Mensagem<span>(obrigat\u00f3rio)<\/span><\/label>\n<textarea\n\t\t                name='g2331-mensagem'\n\t\t                id='contact-form-comment-g2331-mensagem'\n\t\t                rows='20' class='textarea'  required aria-required='true'><\/textarea>\n\t<\/div>\n\t<p class='contact-submit'>\n\t\t<button type='submit' class='pushbutton-wide'>Submeter<\/button>\t\t<input type='hidden' name='contact-form-id' value='2331' \/>\n\t\t<input type='hidden' name='action' value='grunion-contact-form' \/>\n\t\t<input type='hidden' name='contact-form-hash' value='f52642d29fb11557684cbe929f00e67b71badf69' \/>\n\t<\/p>\n<\/form>\n<\/div>\n","protected":false},"excerpt":{"rendered":"<p>Bem-vindos!!! O ART Magazine reflecte os compromissos, os desafios e as viv\u00eancias das comunidades da ART. Desenvolve-se em tr\u00eas eixos estruturantes: o que fazemos, o que divulgamos e o que criamos. O nosso Magazine \u00e9 um espa\u00e7o aberto de difus\u00e3o de informa\u00e7\u00f5es, not\u00edcias e\u00a0sentimentos e visa o sucesso pessoal e terap\u00eautico dos nossos jovens. Tem [&hellip;]<\/p>\n","protected":false},"author":1,"featured_media":0,"parent":0,"menu_order":0,"comment_status":"closed","ping_status":"closed","template":"","meta":{"spay_email":""},"jetpack_shortlink":"https:\/\/wp.me\/P8Zpru-BB","jetpack-related-posts":[],"jetpack_sharing_enabled":true,"_links":{"self":[{"href":"https:\/\/artmagazine.pt\/index.php\/wp-json\/wp\/v2\/pages\/2331"}],"collection":[{"href":"https:\/\/artmagazine.pt\/index.php\/wp-json\/wp\/v2\/pages"}],"about":[{"href":"https:\/\/artmagazine.pt\/index.php\/wp-json\/wp\/v2\/types\/page"}],"author":[{"embeddable":true,"href":"https:\/\/artmagazine.pt\/index.php\/wp-json\/wp\/v2\/users\/1"}],"replies":[{"embeddable":true,"href":"https:\/\/artmagazine.pt\/index.php\/wp-json\/wp\/v2\/comments?post=2331"}],"version-history":[{"count":5,"href":"https:\/\/artmagazine.pt\/index.php\/wp-json\/wp\/v2\/pages\/2331\/revisions"}],"predecessor-version":[{"id":2850,"href":"https:\/\/artmagazine.pt\/index.php\/wp-json\/wp\/v2\/pages\/2331\/revisions\/2850"}],"wp:attachment":[{"href":"https:\/\/artmagazine.pt\/index.php\/wp-json\/wp\/v2\/media?parent=2331"}],"curies":[{"name":"wp","href":"https:\/\/api.w.org\/{rel}","templated":true}]}}